{"id":89,"date":"2012-05-15T18:22:31","date_gmt":"2012-05-15T18:22:31","guid":{"rendered":"http:\/\/www.ecbichile.cl\/?page_id=89"},"modified":"2023-05-29T15:40:09","modified_gmt":"2023-05-29T19:40:09","slug":"equipo","status":"publish","type":"page","link":"https:\/\/www.ecbichile.cl\/home\/quienes-somos\/equipo\/","title":{"rendered":"Equipo"},"content":{"rendered":"<table class=\"sinborde\" style=\"width: 708px; height: 1474px;\">\n<tbody>\n<tr>\n<td><strong><span style=\"color: #105d9c;\"><a href=\"http:\/\/www.ecbichile.cl\/home\/wp-content\/uploads\/2012\/05\/Rosa-Deves1.jpg\"><img loading=\"lazy\" decoding=\"async\" class=\"alignleft  wp-image-47\" src=\"http:\/\/www.ecbichile.cl\/home\/wp-content\/uploads\/2012\/05\/Rosa-Deves1.jpg\" alt=\"\" width=\"146\" height=\"123\" \/><\/a>Dra. Rosa Dev\u00e9s<br \/>\n<\/span><\/strong>Bioqu\u00edmica <br \/>\nDirectora General <br \/>\nPrograma ECBI &#8211; U. de Chile <br \/>\n<a href=\"mailto:rdeves@med.uchile.cl\">rdeves@u.uchile.cl<\/a> <br \/>\n2-2978 2253<\/td>\n<\/tr>\n<tr>\n<td><strong><span style=\"color: #105d9c;\"><a href=\"http:\/\/www.ecbichile.cl\/home\/wp-content\/uploads\/2018\/07\/02_jallende.png\"><img loading=\"lazy\" decoding=\"async\" class=\"alignleft wp-image-2137 \" src=\"http:\/\/www.ecbichile.cl\/home\/wp-content\/uploads\/2018\/07\/02_jallende-e1559139857662.png\" alt=\"\" width=\"140\" height=\"134\" \/><\/a>Dr. Jorge Allende<br \/>\n<\/span><\/strong>Bioqu\u00edmico <br \/>\nDirector General Fundaci\u00f3n Allende Connelly<br \/>\n<a href=\"mailto:jallende@uchile.cl\">jallende@uchile.cl<\/a> <br \/>\n2-2978 2083<\/td>\n<\/tr>\n<tr>\n<td><strong><span style=\"color: #105d9c;\"><a href=\"http:\/\/www.ecbichile.cl\/home\/wp-content\/uploads\/2019\/05\/T9B2947-e1559140227294.jpg\"><img loading=\"lazy\" decoding=\"async\" class=\"alignleft wp-image-2301 \" src=\"http:\/\/www.ecbichile.cl\/home\/wp-content\/uploads\/2019\/05\/T9B2947-e1559140211262-300x285.jpg\" alt=\"\" width=\"141\" height=\"132\" \/><\/a>Dra. Pilar Reyes<br \/>\n<\/span><\/strong>Profesora de Biolog\u00eda <br \/>\nDirectora ejecutiva Programa ECBI &#8211; U. de Chile <br \/>\n<a href=\"mailto:pireyesj@gmail.com\">preyesj@u.uchile.cl<\/a> <\/p>\n<\/td>\n<\/tr>\n<tr>\n<td><strong><a href=\"http:\/\/www.ecbichile.cl\/home\/wp-content\/uploads\/2022\/03\/Andrea_.jpg\"><img loading=\"lazy\" decoding=\"async\" class=\"alignleft wp-image-2579 \" src=\"http:\/\/www.ecbichile.cl\/home\/wp-content\/uploads\/2022\/03\/Andrea_-e1648050181925-150x150.jpg\" alt=\"\" width=\"139\" height=\"139\" srcset=\"https:\/\/www.ecbichile.cl\/home\/wp-content\/uploads\/2022\/03\/Andrea_-e1648050181925-150x150.jpg 150w, https:\/\/www.ecbichile.cl\/home\/wp-content\/uploads\/2022\/03\/Andrea_-e1648050181925-300x300.jpg 300w, https:\/\/www.ecbichile.cl\/home\/wp-content\/uploads\/2022\/03\/Andrea_-e1648050181925.jpg 313w\" sizes=\"auto, (max-width: 139px) 100vw, 139px\" \/><\/a><span style=\"color: #105d9c;\">Andrea Elgueta<\/span>\u00a0<span style=\"font-family: inherit; font-size: inherit; color: #333333;\">\u00a0<\/span><\/strong><span style=\"line-height: 1.5;\"><br \/>\nBi\u00f3loga Marina y Profesora de Biolog\u00eda <br \/>\n<\/span><span style=\"line-height: 1.5;\">Equipo de Desarrollo ECBI <br \/>\n<\/span><a style=\"line-height: 1.5;\" href=\"mailto:andelgue@hotmail.com\">andelgue@gmail.com<\/a><\/td>\n<\/tr>\n<tr>\n<td><a href=\"http:\/\/www.ecbichile.cl\/home\/wp-content\/uploads\/2019\/05\/T9B3025-e1559020770402.jpg\"><img loading=\"lazy\" decoding=\"async\" class=\"alignleft wp-image-2283\" src=\"http:\/\/www.ecbichile.cl\/home\/wp-content\/uploads\/2019\/05\/T9B3025-e1559020770402-300x290.jpg\" alt=\"\" width=\"140\" height=\"134\" \/><\/a><strong><span style=\"color: #105d9c;\">Juan Tobar<br \/>\n<\/span><\/strong> M\u00e9dico Veterinario <br \/>\nEquipo de Desarrollo ECBI <br \/>\n<a href=\"mailto:juan.tobar.fdez@gmail.com\">juan.tobar.fdez@gmail.com<\/a><\/td>\n<\/tr>\n<tr>\n<td><strong><span style=\"color: #105d9c;\"><a href=\"http:\/\/www.ecbichile.cl\/home\/wp-content\/uploads\/2023\/05\/MArita-WhatsApp-Image-2023-05-26-at-15.31.59.jpeg\"><img loading=\"lazy\" decoding=\"async\" class=\"alignleft wp-image-2629 \" src=\"http:\/\/www.ecbichile.cl\/home\/wp-content\/uploads\/2023\/05\/MArita-WhatsApp-Image-2023-05-26-at-15.31.59-e1685387385641-150x150.jpeg\" alt=\"\" width=\"139\" height=\"139\" \/><\/a>Mar\u00eda Sep\u00falveda<\/span><\/strong> <br \/>\nProfesora de Qu\u00edmica y Ciencias <br \/>\nEquipo de Desarrollo ECBI <br \/>\n<a href=\"mailto:maritaecbi@gmail.com\">maritaecbi@gmail.com<\/a><\/td>\n<\/tr>\n<tr>\n<td>\n<p><a href=\"http:\/\/www.ecbichile.cl\/home\/wp-content\/uploads\/2019\/05\/DSC0428____-e1559020907252.jpg\"><img loading=\"lazy\" decoding=\"async\" class=\"wp-image-2278 alignleft\" src=\"http:\/\/www.ecbichile.cl\/home\/wp-content\/uploads\/2019\/05\/DSC0428____-e1559020664233-270x300.jpg\" alt=\"\" width=\"136\" height=\"150\" \/><\/a><span style=\"color: #105d9c;\"><strong>Carolina Valenzuela<\/strong><\/span> <br \/>\nM\u00e9dico Veterinaria y Profesora de Biolog\u00eda <br \/>\nEquipo de Desarrollo ECBI <br \/>\n<a href=\"mailto:carolavalenzuelap@gmail.com\">carolavalenzuela@uchile.cl<\/a><\/p>\n<\/td>\n<\/tr>\n<tr>\n<td>\n<p><a href=\"http:\/\/www.ecbichile.cl\/home\/wp-content\/uploads\/2019\/05\/T9B3010.jpg\"><img loading=\"lazy\" decoding=\"async\" class=\"alignleft wp-image-2285 \" src=\"http:\/\/www.ecbichile.cl\/home\/wp-content\/uploads\/2019\/05\/T9B3010-e1559021136401-286x300.jpg\" alt=\"\" width=\"140\" height=\"147\" \/><\/a><span style=\"color: #105d9c;\"><strong>Alejandra Vera\u00a0<\/strong><\/span> <br \/>\nEducadora de P\u00e1rvulos y B\u00e1sica Inicial <br \/>\nEquipo de Desarrollo ECBI <br \/>\n<a href=\"mailto:avera.ecbichile@gmail.com\">avera.ecbichile@gmail.com<\/a><\/p>\n<p>&nbsp;<\/p>\n<\/td>\n<\/tr>\n<tr>\n<td>\n<p><span style=\"color: #105d9c;\"><b><a href=\"http:\/\/www.ecbichile.cl\/home\/wp-content\/uploads\/2019\/05\/T9B3014-e1559020574974.jpg\"><img loading=\"lazy\" decoding=\"async\" class=\"alignleft wp-image-2281 \" src=\"http:\/\/www.ecbichile.cl\/home\/wp-content\/uploads\/2019\/05\/T9B3014-e1559020545997-300x298.jpg\" alt=\"\" width=\"146\" height=\"144\" \/><\/a>Irene Reyes<\/b><\/span><br \/>\nProfesora de F\u00edsica y Ciencias Naturales<br \/>\nEquipo de Desarrollo ECBI <br \/>\n<a href=\"mailto:mireyeslisoni@gmail.com\">mireyeslisoni@uchile.cl<\/a><\/p>\n<\/td>\n<\/tr>\n<tr>\n<td>\n<p><span style=\"color: #105d9c;\"><b><a href=\"http:\/\/www.ecbichile.cl\/home\/wp-content\/uploads\/2023\/05\/gloria-pag-web_3.jpg\"><img loading=\"lazy\" decoding=\"async\" class=\"alignleft wp-image-2617\" src=\"http:\/\/www.ecbichile.cl\/home\/wp-content\/uploads\/2023\/05\/gloria-pag-web_3-300x281.jpg\" alt=\"\" width=\"148\" height=\"138\" srcset=\"https:\/\/www.ecbichile.cl\/home\/wp-content\/uploads\/2023\/05\/gloria-pag-web_3-300x281.jpg 300w, https:\/\/www.ecbichile.cl\/home\/wp-content\/uploads\/2023\/05\/gloria-pag-web_3-768x718.jpg 768w, https:\/\/www.ecbichile.cl\/home\/wp-content\/uploads\/2023\/05\/gloria-pag-web_3.jpg 770w\" sizes=\"auto, (max-width: 148px) 100vw, 148px\" \/><\/a>Gloria Nu\u00f1ez<\/b><\/span><br \/>\nProfesora de F\u00edsica y Ciencias Naturales<br \/>\nEquipo de Desarrollo ECBI <br \/>\n<a href=\"mailto:gnunezv2014@gmail.com\">gloria.nunez@uchile.cl<\/a><\/p>\n<\/td>\n<\/tr>\n<tr>\n<td>\n<p><strong><span style=\"color: #105d9c;\"><a href=\"http:\/\/www.ecbichile.cl\/home\/wp-content\/uploads\/2019\/05\/T9B2994.jpg\"><img loading=\"lazy\" decoding=\"async\" class=\"alignleft wp-image-2279 size-thumbnail\" src=\"http:\/\/www.ecbichile.cl\/home\/wp-content\/uploads\/2019\/05\/T9B2994-e1559020259790-150x150.jpg\" alt=\"\" width=\"150\" height=\"150\" \/><\/a>Bernarda Sep\u00falveda<\/span><\/strong>\u00a0<br \/>\nSecretaria\u00a0<br \/>\n<a href=\"mailto:ecbi_chile@med.uchile.cl\">ecbi_chile@med.uchile.cl<\/a>\u00a0<\/p>\n<p>&nbsp;<\/p>\n<\/td>\n<\/tr>\n<tr>\n<td>\n<p><strong><span style=\"color: #105d9c;\"><a href=\"http:\/\/www.ecbichile.cl\/home\/wp-content\/uploads\/2023\/05\/WhatsApp-Image-2023-05-29-at-14.30.38-2.jpeg\"><img loading=\"lazy\" decoding=\"async\" class=\"alignleft wp-image-2627 size-thumbnail\" src=\"http:\/\/www.ecbichile.cl\/home\/wp-content\/uploads\/2023\/05\/WhatsApp-Image-2023-05-29-at-14.30.38-2-150x150.jpeg\" alt=\"\" width=\"150\" height=\"150\" \/><\/a>Fernanda Merino<\/span><\/strong>\u00a0<br \/>\nApoyo log\u00edstico<br \/>\n<a href=\"mailto:fher.merinov@gmail.com\">fher.merinov@gmail.com<\/a><\/p>\n<\/td>\n<\/tr>\n<\/tbody>\n<\/table>\n<p>&nbsp;<\/p>\n","protected":false},"excerpt":{"rendered":"<p>Dra. Rosa Dev\u00e9s Bioqu\u00edmica Directora General Programa ECBI &#8211; U. de Chile rdeves@u.uchile.cl 2-2978 2253 Dr. Jorge Allende Bioqu\u00edmico Director General Fundaci\u00f3n Allende Connelly jallende@uchile.cl 2-2978 2083 Dra. Pilar Reyes Profesora de Biolog\u00eda Directora ejecutiva Programa ECBI &#8211; U. de Chile preyesj@u.uchile.cl Andrea Elgueta\u00a0\u00a0 Bi\u00f3loga Marina y Profesora de Biolog\u00eda Equipo de Desarrollo ECBI andelgue@gmail.com [&hellip;]<\/p>\n","protected":false},"author":1,"featured_media":0,"parent":85,"menu_order":0,"comment_status":"open","ping_status":"open","template":"","meta":{"footnotes":""},"class_list":["post-89","page","type-page","status-publish","hentry"],"_links":{"self":[{"href":"https:\/\/www.ecbichile.cl\/home\/wp-json\/wp\/v2\/pages\/89","targetHints":{"allow":["GET"]}}],"collection":[{"href":"https:\/\/www.ecbichile.cl\/home\/wp-json\/wp\/v2\/pages"}],"about":[{"href":"https:\/\/www.ecbichile.cl\/home\/wp-json\/wp\/v2\/types\/page"}],"author":[{"embeddable":true,"href":"https:\/\/www.ecbichile.cl\/home\/wp-json\/wp\/v2\/users\/1"}],"replies":[{"embeddable":true,"href":"https:\/\/www.ecbichile.cl\/home\/wp-json\/wp\/v2\/comments?post=89"}],"version-history":[{"count":154,"href":"https:\/\/www.ecbichile.cl\/home\/wp-json\/wp\/v2\/pages\/89\/revisions"}],"predecessor-version":[{"id":2633,"href":"https:\/\/www.ecbichile.cl\/home\/wp-json\/wp\/v2\/pages\/89\/revisions\/2633"}],"up":[{"embeddable":true,"href":"https:\/\/www.ecbichile.cl\/home\/wp-json\/wp\/v2\/pages\/85"}],"wp:attachment":[{"href":"https:\/\/www.ecbichile.cl\/home\/wp-json\/wp\/v2\/media?parent=89"}],"curies":[{"name":"wp","href":"https:\/\/api.w.org\/{rel}","templated":true}]}}