{"id":74,"date":"2012-05-15T18:15:01","date_gmt":"2012-05-15T18:15:01","guid":{"rendered":"http:\/\/www.ecbichile.cl\/?page_id=74"},"modified":"2015-08-19T18:07:32","modified_gmt":"2015-08-19T21:07:32","slug":"evidencia","status":"publish","type":"page","link":"https:\/\/www.ecbichile.cl\/home\/implementacion-ecbi\/evidencia\/","title":{"rendered":"Evidencia"},"content":{"rendered":"<div class=\"accordion\">\n<div>Actividades de Desarrollo Profesional:<\/div>\n<div>\n<div>Enero 07 al 11 de 2013<\/div>\n<div>Taller de Capacitaci\u00f3n para Educadoras de P\u00e1rvulo, Diferenciales y Profesores e Ense\u00f1anza General B\u00e1sica &#8211; Nivel Inicial. Se capacitaron a docentes de diversos Establecimientos: Escuelas Municipales de la Comuna de Catemu y Panquehue, Escuelas B\u00e1sica Federico Acevedo, Liceo Experimental Manuel de Salas, Escuelas pertenecientes al Arzobispado de Santiago.<\/div>\n<div>Enero 06 al 10 de enero \u2013 2014<\/div>\n<div>Taller de Desarrollo Profesional para Educadoras de P\u00e1rvulo, Diferenciales y Profesores de Ense\u00f1anza General B\u00e1sica. Se capacitaron a docentes de diversos Establecimientos: Escuelas Municipales de la Comuna de Catemu y Panquehue, Liceo Bicentenario Mary Graham, Educadoras de P\u00e1rvulo de la Comuna de Lo Prado,Liceo Experimental Manuel de Salas, Escuelas pertenecientes al Arzobispado de Santiago y Colegio Craighouse.<\/div>\n<div>Enero 05 al 09 de 2015.<\/div>\n<div>Taller de Formaci\u00f3n Profesional en Educaci\u00f3n en Ciencias Basada en la Indagaci\u00f3n \u2013 ECBI.Se capacitaron a docentes de diversos Establecimientos: Escuelas Municipales de la Comuna de Catemu y Panquehue, Escuela B\u00e1sica E-21 Toconao, Colegio Nuestra Se\u00f1ora de Andacollo, Liceo Bicentenario Mary Graham, Escuelas pertenecientes al Arzobispado de Santiago y Colegio Craighouse-<\/div>\n<div>Julio 20 al 24 de 2015.<\/div>\n<div>Miembros del Programa ECBI realizan Taller de Capacitaci\u00f3n \u201cEducaci\u00f3n en Ciencias Basada en la Indagaci\u00f3n\u201d. Nivel Inicial en el marco de las Capacitaciones a Profesores de Establecimientos municipales de la Provincia de Llanquihue.<\/div>\n<div>Marzo a Agosto de 2015.<\/div>\n<div>Realizaci\u00f3n de Taller \u201cConvirtiendo lo que sabemos en acci\u00f3n: Aprender haciendo\u201d en la Escuela E-19 Rep\u00fablica del L\u00edbano y a Directivos y Jefes de UTP de las Escuelas de la comuna de Catemu.<\/div>\n<\/div>\n<div>Asistencias T\u00e9cnicas Parciales<\/div>\n<div>\n<div>06 de Agosto al 05 de Diciembre de 2012.<\/div>\n<div>Implementaci\u00f3n del Programa Educaci\u00f3n en Ciencias Basada en la Indagaci\u00f3n (ECBI) en la Escuela E-19 Rep\u00fablica del L\u00edbano, perteneciente a la Ilustre Municipalidad de Santiago.<\/div>\n<div>Octubre a Diciembre de 2012.<\/div>\n<div>Implementaci\u00f3n del Programa Educaci\u00f3n en Ciencias Basada en la Indagaci\u00f3n (ECBI) para el nivel de 3\u00ba b\u00e1sico de la Escuela Batalla de la Concepci\u00f3n, perteneciente a la Ilustre Municipalidad del Bosque.<\/div>\n<div>26 de Junio al 06 de Diciembre de 2013.<\/div>\n<div>Implementaci\u00f3n del Programa Educaci\u00f3n en Ciencias Basada en la Indagaci\u00f3n (ECBI) en la Escuela E-19 Rep\u00fablica del L\u00edbano, perteneciente a la Ilustre Municipalidad de Santiago.<\/div>\n<div>Noviembre 2013 a Marzo de 2014.<\/div>\n<div>Implementaci\u00f3n del Programa Educaci\u00f3n en Ciencias Basada en la Indagaci\u00f3n (ECBI) para el nivel 4\u00ba b\u00e1sico de la Escuela Batalla de la Concepci\u00f3n, perteneciente a la Ilustre Municipalidad del Bosque.<\/div>\n<div>Marzo a Junio de 2015.<\/div>\n<div>Implementaci\u00f3n del Programa Educaci\u00f3n en Ciencias Basada en la Indagaci\u00f3n (ECBI) para los niveles 3\u00ba, 4\u00ba, 5\u00ba y 6\u00ba b\u00e1sico del Colegio Nuestra Se\u00f1ora de Andacollo.<\/div>\n<div>Mayo a Diciembre de 2014.<\/div>\n<div>Implementaci\u00f3n del Programa Educaci\u00f3n en Ciencias Basada en la Indagaci\u00f3n (ECBI) para los niveles 3\u00ba, 4\u00ba y 5\u00bab\u00e1sico de la Escuela Batalla de la Concepci\u00f3n, perteneciente a la Ilustre Municipalidad del Bosque.<\/div>\n<div>Junio a Diciembre de 2015.<\/div>\n<div>Implementaci\u00f3n del Programa Educaci\u00f3n en Ciencias Basada en la Indagaci\u00f3n (ECBI) para los niveles 3\u00ba, 4\u00ba, 5\u00ba y 6\u00ba b\u00e1sico de la Escuela Batalla de la Concepci\u00f3n, perteneciente a la Ilustre Municipalidad del Bosque.<\/div>\n<div>Julio a Diciembre de 2015.<\/div>\n<div>Implementaci\u00f3n del Programa Educaci\u00f3n en Ciencias Basada en la Indagaci\u00f3n (ECBI) en la Escuela E-19 Rep\u00fablica del L\u00edbano, perteneciente a la Ilustre Municipalidad de Santiago.<\/div>\n<\/div>\n<div>Convenios de Implementaci\u00f3n permanentes<\/div>\n<div>\n<div>Marzo 2009 a la Fecha.<\/div>\n<div>Convenio entre la European Southern Observatory (ESO), la Universidad de Chile y la Fundaci\u00f3n Allende Connelly para la Implementaci\u00f3n del Programa Educaci\u00f3n en Ciencias Basada en la Indagaci\u00f3n (ECBI) en la Escuela E-21 Toconao, Regi\u00f3n de Antofagasta.<\/div>\n<div>Octubre 2010 a la Fecha.<\/div>\n<div>Convenio entre la Minera Angloamerican- Divis\u00f3n Chagres y la Universidad de Chile para la Implementaci\u00f3n del Programa Educaci\u00f3n en Ciencias Basada en la Indagaci\u00f3n (ECBI) en las Escuelas de la Comuna de Catemu, Regi\u00f3n de Valpara\u00edso.<\/div>\n<div>Octubre 2013 a la Fecha.<\/div>\n<div>Se ampl\u00eda el Convenio entre la Minera Angloamerican- Divisi\u00f3n Chagres y la Universidad de Chile para la Implementaci\u00f3n del Programa Educaci\u00f3n en Ciencias Basada en la Indagaci\u00f3n (ECBI) en las Escuelas de la Comuna de Panquehue, Regi\u00f3n de Valpara\u00edso.<\/div>\n<div>Marzo a Diciembre de 2014.<\/div>\n<div>Se firma Convenio con la Corporaci\u00f3n Municipal de Villa Alemana para la implementaci\u00f3n desde Pre-kinder a 6\u00ba B\u00e1sico del Programa Educaci\u00f3n en Ciencias Basada en la Indagaci\u00f3n (ECBI) en el Liceo Mary Graham de Villa Alemana, Regi\u00f3n de Valpara\u00edso.<\/div>\n<div>Marzo a Diciembre de 2015.<\/div>\n<div>Se firma Convenio con la Corporaci\u00f3n Municipal de Villa Alemana para la implementaci\u00f3n desde Pre-kinder a 8\u00baB\u00e1sico, del Programa Educaci\u00f3n en Ciencias Basada en la Indagaci\u00f3n (ECBI) en el Liceo Mary Graham de Villa Alemana, Regi\u00f3n de Valpara\u00eds.<\/div>\n<div>A\u00f1o 2015.<\/div>\n<div>Pr\u00f3ximamente se dar\u00e1 inici\u00f3 al Convenio de colaboraci\u00f3n con la Fundaci\u00f3n Siemens para la ejecuci\u00f3n del Proyecto \u201cExperimento\u201d dirigido a ni\u00f1os y ni\u00f1as de Educaci\u00f3n Parvularia y General B\u00e1sica en algunas Escuelas LBI de la Regi\u00f3n Metropolitana.<\/div>\n<div>2015 &#8211; 2017.<\/div>\n<div>Pr\u00f3ximamente se dar\u00e1 inicio al Convenio de colaboraci\u00f3n con el Ministerio de Educaci\u00f3n para la Ejecuci\u00f3n del Curso de especializaci\u00f3n intermedio \u201cIndagaci\u00f3n Cient\u00edfica para la Educaci\u00f3n en Ciencias\u201d, dirigido a Educadoras de P\u00e1rvulo, Profesores de Educaci\u00f3n General B\u00e1sica y Profesores de Ense\u00f1anza Media, modalidad b-learning.<\/div>\n<\/div>\n<div>Actividades del Programa ECBI en el Extranjero<\/div>\n<div>\n<div>A\u00f1o 2014.<\/div>\n<div>Participaci\u00f3n de la Directora Ejecutiva del Programa ECBI como relatora y tallerista en el Diplomado en Ense\u00f1anza de las Ciencias Basada en la Indagaci\u00f3n, Zacatecas, M\u00e9xico.<\/div>\n<div>Junio de 2014.<\/div>\n<div>Miembro del Programa ECBI participa en el V Seminario Internacional \u201cLa m\u00e0in a la P\u00e2te\u201d, organizado por la Fundaci\u00f3n La m\u00e0in a la P\u00e2te y el Ministerio de Educaci\u00f3n de Francia, realizado en el Centre International D\u2019\u00e9tudes P\u00e9dagogiques (CIEP), S\u00e8vres, Francia.<\/div>\n<div>Junio de 2013.<\/div>\n<div>Miembro del Programa ECBI participa en el IV Seminario Internacional \u201cLa m\u00e0in a la P\u00e2te\u201d, organizado por la Fundaci\u00f3n La m\u00e0in a la P\u00e2te y el Ministerio de Educaci\u00f3n de Francia, realizado en el Centre International D\u2019\u00e9tudes P\u00e9dagogiques (CIEP), S\u00e8vres, Francia.<\/div>\n<div>A\u00f1o 2012.<\/div>\n<div>Participaci\u00f3n de la Directora Ejecutiva del Programa ECBI como profesora en la quinta sesi\u00f3n del Diplomado en la ense\u00f1anza de las ciencias a trav\u00e9s de la indagaci\u00f3n y las actividades vivenciales en el Estado de Hidalgo \u201cCaracter\u00edsticas de la Indagaci\u00f3n y su dominio por el maestro\u201d, impartido por INNOVEC con apoyo de la Universidad \u201cLa Salle\u201d, efectuado en la Ciudad de Pachuca, Hidalgo-M\u00e9xico.<\/div>\n<div>Junio de 2012.<\/div>\n<div>Miembro del Programa ECBI participa en el III Seminario Internacional \u201cLa m\u00e0in a la P\u00e2te\u201d, organizado por la Fundaci\u00f3n La m\u00e0in a la P\u00e2te y el Ministerio de Educaci\u00f3n de Francia, realizado en el Centre International D\u2019\u00e9tudes P\u00e9dagogiques (CIEP), S\u00e8vres, Francia.<\/div>\n<div>08- 09 Diciembre 2011.<\/div>\n<div>Presentaci\u00f3n del Programa ECBI en Taller Educaci\u00f3n en Ciencia, para la Ciencia y por la Ciencia: Un taller regional, Montevideo, Uruguay.<\/div>\n<div>A\u00f1o 2011.<\/div>\n<div>Participaci\u00f3n de la Directora Ejecutiva del Programa ECBI como profesora en la quinta sesi\u00f3n del Diplomado en la Ense\u00f1anza de las Ciencias a trav\u00e9s de la Indagaci\u00f3n y las actividades vivenciales en el Estado de Monterrey \u201cCaracter\u00edsticas de la Indagaci\u00f3n y su dominio por el maestro\u201d, impartido por INNOVEC con apoyo de la Fundaci\u00f3n MOTOROLA, La Secretar\u00eda de Educaci\u00f3n del Estado de Monterrey y la Universidad Nuevo Le\u00f3n, realizado en Ciudad de Monterrey, M\u00e9xico.<\/div>\n<div>A\u00f1o 2010.<\/div>\n<div>Participaci\u00f3n de la Directora Ejecutiva como profesora en la quinta sesi\u00f3n del Diplomado en la ense\u00f1anza de las ciencias a trav\u00e9s de la indagaci\u00f3n y las actividades vivenciales en el Estado de M\u00e9xico \u201cCaracter\u00edsticas de la Indagaci\u00f3n y su dominio por el maestro\u201d, impartido por INNOVEC con apoyo de la Fundaci\u00f3n MOTOROLA, La Secretar\u00eda de Educaci\u00f3n del Estado de M\u00e9xico y la Universidad del Valle de M\u00e9xico, Toluca, M\u00e9xic.<\/div>\n<div>Premios:<\/div>\n<div>Premio a la Innovaci\u00f3n y sustentabilidad 2012- El Mercurio y Universidad Aut\u00f3noma de Chile, en el contexto de la implementaci\u00f3n del Programa ECBI en las comunas de Catemu \u2013 V Regi\u00f3n que atiende el 100% de las escuelas p\u00fablicas de la comuna.<\/div>\n<\/div>\n<\/div>\n","protected":false},"excerpt":{"rendered":"<p>Actividades de Desarrollo Profesional: Enero 07 al 11 de 2013 Taller de Capacitaci\u00f3n para Educadoras de P\u00e1rvulo, Diferenciales y Profesores e Ense\u00f1anza General B\u00e1sica &#8211; Nivel Inicial. Se capacitaron a docentes de diversos Establecimientos: Escuelas Municipales de la Comuna de Catemu y Panquehue, Escuelas B\u00e1sica Federico Acevedo, Liceo Experimental Manuel de Salas, Escuelas pertenecientes al [&hellip;]<\/p>\n","protected":false},"author":1,"featured_media":0,"parent":72,"menu_order":0,"comment_status":"open","ping_status":"open","template":"","meta":{"footnotes":""},"class_list":["post-74","page","type-page","status-publish","hentry"],"_links":{"self":[{"href":"https:\/\/www.ecbichile.cl\/home\/wp-json\/wp\/v2\/pages\/74","targetHints":{"allow":["GET"]}}],"collection":[{"href":"https:\/\/www.ecbichile.cl\/home\/wp-json\/wp\/v2\/pages"}],"about":[{"href":"https:\/\/www.ecbichile.cl\/home\/wp-json\/wp\/v2\/types\/page"}],"author":[{"embeddable":true,"href":"https:\/\/www.ecbichile.cl\/home\/wp-json\/wp\/v2\/users\/1"}],"replies":[{"embeddable":true,"href":"https:\/\/www.ecbichile.cl\/home\/wp-json\/wp\/v2\/comments?post=74"}],"version-history":[{"count":20,"href":"https:\/\/www.ecbichile.cl\/home\/wp-json\/wp\/v2\/pages\/74\/revisions"}],"predecessor-version":[{"id":1193,"href":"https:\/\/www.ecbichile.cl\/home\/wp-json\/wp\/v2\/pages\/74\/revisions\/1193"}],"up":[{"embeddable":true,"href":"https:\/\/www.ecbichile.cl\/home\/wp-json\/wp\/v2\/pages\/72"}],"wp:attachment":[{"href":"https:\/\/www.ecbichile.cl\/home\/wp-json\/wp\/v2\/media?parent=74"}],"curies":[{"name":"wp","href":"https:\/\/api.w.org\/{rel}","templated":true}]}}